t u(f) = 0 - 3*f + b + 1. What is u(-1)?
4
Suppose -3*y = 4*z - 7, -3*y + 4 + 13 = -z. Suppose 3 = -3*a - 5*m + m, -y*m = -2*a + 21. Let h(f) = -5*f**2 + 6*f**2 - f + 0*f. What is h(a)?
6
Let k(v) = 2*v**3 - 13*v**2 - 15*v - 2. Let f(j) = j**3 - 6*j**2 - 7*j - 1. Let p(o) = -5*f(o) + 2*k(o). Calculate p(5).
1
Let w(v) be the first derivative of -v**7/840 + v**6/90 + v**5/40 - v**4/12 + v**3/3 + 38. Let t(u) be the third derivative of w(u). What is t(5)?
-12
Let l(d) = d**2 - 5*d - 5. Let y(r) = r**3 - 5*r**2 + 2*r - 6. Let w be y(6). Suppose -5*k - 12 + w = 0. Calculate l(k).
1
Let j(g) = -g**3 + 6*g**2 - 5*g + 3. Let x be j(4). Suppose d - 9 = -h + 3*h, 4*d - x = h. Let v(u) = 2*u - 5*u**2 - 5*u**2 + 1 - 6*u**2 + 15*u**2. Give v(d).
-2
Let n(f) = 27*f - 9. Let t(o) = 29*o - 11. Let c(q) = 5*n(q) - 4*t(q). Calculate c(1).
18
Let n be 1/((6/(-39))/(-2)). Suppose 43 = 5*t + n. Let u(f) = f - 6. Calculate u(t).
0
Let y = -101 + 211. Suppose 50*g - 45*g = y. Let q = -23 + g. Let b(n) = -5*n + 1. Calculate b(q).
6
Let o be (-2)/11 + (-6)/((-66)/145). Suppose -2*s + 11 = k, 3*k + 2*s = o + 8. Let m(b) = -b**3 + 5*b**2 + b - 5. What is m(k)?
0
Let x be (38/(-6))/((-7)/(-21)). Let z = 25 + x. Let y(c) = 1. Let j(p) = p**2 - 8*p + 9. Let l(w) = j(w) - 5*y(w). Calculate l(z).
-8
Let a(d) = -27*d + 4. Suppose 0 = -3*c + 2*m - 12, 4*c - 7*c = 5*m - 9. Calculate a(c).
58
Suppose 0 = -3*x + 8*x - 20. Suppose -x*i - 4 = -6*i. Let o(k) = -5*k - 2*k - k + 0 - k**i - 5. Determine o(-4).
11
Let u(j) = 0*j**2 + 63*j - 1 + 65*j - 127*j + j**2. What is u(-3)?
5
Let c(f) be the first derivative of f**4/4 - 14*f**3/3 + 13*f**2/2 - 6*f + 28. What is c(13)?
-6
Let i(j) = -28*j**3 - j**2 - j. Let w(f) = f**2 - 18*f - 281. Let b be w(28). Give i(b).
28
Suppose 0 = -26*d + 37*d + 66. Let v(x) = -x - 8. Let h(q) = -2*q - 12. Let o(b) = -5*h(b) + 7*v(b). Give o(d).
-14
Let f(r) = -16*r - 11. Let t(u) = 3*u + 2. Let m(w) = 2*f(w) + 11*t(w). Let l(c) = 4*c. Let a(d) = -l(d) + 3*m(d). What is a(2)?
-2
Suppose -m - 19 = -4*y, -4*y + 16 = 63*m - 67*m. Let h(i) = -i**3 + 5*i**2 - 6*i. What is h(y)?
-30
Let b(f) = 13*f**2 + 3*f - 33. Let j(l) = -41*l**2 - 8*l + 101. Let q(u) = -19*b(u) - 6*j(u). Determine q(-10).
11
Let w(s) = -31*s - 647. Let q be w(-21). Let y(o) = -9*o + 5. Let t = -16 - -23. Let j(v) = -13*v + 8. Let l(m) = t*y(m) - 5*j(m). Determine l(q).
3
Suppose -5*p = -q - 26, -4*q + 6*q = 4*p - 22. Let w = 8 - p. Let h(t) = 5*t**2 - 3 + 2 - 2*t - 1 - 2*t**w + t**3. Give h(4).
6
Let p(q) = 3*q**2 - 6*q - 2. Let r(g) = 7*g**2 - 13*g - 4. Let z(h) = -5*p(h) + 2*r(h). Let b(u) = -u**2 - u + 1. Let o(f) = 2*b(f) - z(f). Give o(-6).
0
Let t(r) = r**2 + r + 3*r - 2*r + 4. Let x(z) = -z**3 + 42*z**2 + 17*z - 718. Let n be x(42). Give t(n).
12
Let h(i) = -5*i**3 - 2*i**2 - 2*i - 1. Suppose 0*d = -4*u - d + 1, 3*d - 14 = -u. Let x be h(u). Let k(s) = -2 - 3 + 3*s**2 + 7*s**2 - 9*s**2. Determine k(x).
11
Let h be 15/((2/2)/(-1)). Suppose 4*f - 4 = -60. Let z = h - f. Let c(u) = -4*u**2 + 1. What is c(z)?
-3
Let d(q) = q - 7. Let m = -10 - -16. Suppose 2*k - m*k = -68. Suppose 4*r - 7 - k = 0. Determine d(r).
-1
Let x(v) = v**2 + 9*v + 10. Suppose o - 10*n = -8*n - 3, -3*n = -3*o - 15. Determine x(o).
-4
Let j(f) = -4*f + f**3 + 5 + 4*f**2 + 3*f - 2*f**3. Let i be (-5)/(-5 + 10) - -5. Give j(i).
1
Let a(b) = 106*b**2 - 261*b**2 + b**3 + 76*b**2 + 80*b**2. Let y be -2*2/6*3. Give a(y).
-4
Let i(h) = -5*h**2 + 30*h + 21. Let k(v) = -4 + 0*v**2 - 12*v + v + 5*v + v**2. Let w(n) = 2*i(n) + 11*k(n). Calculate w(6).
-2
Let w(m) be the second derivative of -m**5/20 - m**4/12 - 2*m**2 - m. Let r(t) = 10*t - 223. Let k be r(22). Determine w(k).
14
Let m(y) = y - 31. Let r be m(-17). Let j be r/22 - (-15)/((-495)/(-6)). Let n(b) = 4*b**2 + b - 1. What is n(j)?
13
Let h(v) = 5*v + 1. Let g(w) = 4*w + 1. Let a(b) = 4*g(b) - 3*h(b). Determine a(-2).
-1
Let u(v) = -3*v**2 + 5*v - 2. Let m(z) = -1. Let b(g) = -2*m(g) - u(g). Let r(c) = c**3 - 15*c**2 + 67*c - 74. Let i be r(7). Determine b(i).
16
Suppose -3*d + m = -30, 5 = -4*d + m + 44. Let j(z) = 0 + 10*z - 5 - z**3 + 8*z**2 - 4. What is j(d)?
0
Let v(u) = -u + 1. Suppose -2 = -5*f + 6*f. Let n be 1*f*(-24)/(-16). Let g = n + 3. Determine v(g).
1
Let h be -7*4/(-84) + 16/6. Let d(l) = 5*l**2 + 9*l - 12*l - l**2 + l**h. Give d(-3).
18
Suppose 3*g = -25*g. Let n(f) = f - 30. What is n(g)?
-30
Let g(s) be the third derivative of s**6/120 + 3*s**5/20 + 5*s**4/24 - 2*s**3/3 + 4*s**2 - 17*s. Determine g(-8).
20
Suppose 3*c - a = 37, 34 = 954*c - 952*c - 2*a. Let x(n) = n + 0*n - 7 - 4. Calculate x(c).
-1
Let u(g) = g**3 + 2*g**2 + g + 3. Let y(h) = -h**3 - h**2 - h - 7. Let k be y(-4). Let w = 42 - k. Calculate u(w).
-9
Let s(a) = -a**3 - a**2 - 2. Let j = 93 - 91. Calculate s(j).
-14
Let o(h) = -601 + 291 - 2*h + 301. Give o(-5).
1
Let d(u) = u - 15. Let c(f) = 7. Let r(y) = 9*c(y) + 4*d(y). Let t(o) = 16 - o - 16. Let s(a) = r(a) + 6*t(a). Determine s(3).
-3
Let q(a) = -a**3 - 29*a**2 - a - 36. Suppose 0 = 2*t + 68 - 10. Let m be q(t). Let x(o) = -o**2 - 9*o - 9. Calculate x(m).
5
Let j(m) = -2*m - 5. Let n(o) = 9*o + 26. Let p(v) = 11*j(v) + 2*n(v). Let s(f) = -f - 1. Let h(a) = 2*p(a) - 6*s(a). Determine h(-2).
4
Let n be -1 + 4 + -1 - (-4 - -8). Let b(s) = -2*s**2 - 6*s - 4. Let d(u) = -4*u**2 - 11*u - 8. Let f(l) = n*d(l) + 5*b(l). What is f(-5)?
-14
Let g(x) be the second derivative of -x**4/12 - 5*x**3/3 - 17*x**2/2 + 69*x - 2. Calculate g(-7).
4
Let z(r) = r**2 + 5*r + 2. Let y = 31 - 14. Suppose -y + 12 = f. Give z(f).
2
Suppose -h + 4 = -4*d, -h = 2*d - 4*d - 2. Let i(j) be the third derivative of -j**5/5 - j**3/6 + j**2 + 38. Calculate i(d).
-13
Let t(a) = -a**3 - 3*a**2 - 2*a - 3. Let d = -273 - -269. Give t(d).
21
Let y(s) = 1 + 16*s**3 + 2*s - 5*s**3 + 2*s**3. Let x = 127 - 123. Suppose -x = 7*l + 3. What is y(l)?
-14
Let w(j) be the second derivative of -j**4/12 + j**3/6 - j**2 - 3*j + 4. Suppose -2*z + 1 = -3. Give w(z).
-4
Let j(m) = 6*m + 5. Let s(f) = -13*f - 11. Let l(b) = -9*j(b) - 4*s(b). Let a(n) = -n**3 + 6*n**2 - 13*n + 23. Let g be a(4). Calculate l(g).
-7
Let g = 16 + -15. Let k(o) = 3*o**2 + 4*o - 1. Let j be k(-2). Let m(v) = 0*v + 2*v**2 - j*v + 3*v + v. What is m(g)?
3
Let v(l) = -l**2 - 10*l - 12. Let y be v(-8). Let g(b) = 4 - b**2 + 3*b - y + 0. Determine g(5).
-10
Let h(j) = j + 7. Let d(s) = -s**2 + 19*s - 98. Let q be d(9). Determine h(q).
-1
Let x(r) = -7*r**2 + 863*r + 8*r**2 - 851*r - 34. Determine x(-14).
-6
Let v be -3 + 0 + 2 + -3. Let g(m) be the first derivative of -9 + 1/3*m**3 + 5/2*m**2 - 3*m. Determine g(v).
-7
Let c(x) = x**2 + 11*x + 11. Let o(p) = 4*p + 4. Let r(f) = -4*c(f) + 11*o(f). Let w = -3 + 4. Determine r(w).
-4
Let m(r) be the third derivative of -r**6/120 - r**5/12 - r**4/8 + 20*r**2. Let x = 3 + -7. Determine m(x).
-4
Let m(j) = -1 + 6*j**2 + 2*j - 6*j - 3 - j**3. Let v = 8447 + -8442. What is m(v)?
1
Let v(g) = 6*g**3 + g**2 + 2*g + 1. Suppose 3*d + 2 = 2*s - 0, 5*d = 5*s + 5. Let o(f) = -f - 5. Let n be o(d). Determine v(n).
-6
Suppose -4*b = 2*p + 12, -2*p + 2*b - 13 = 7*b. Let f be p/(-10) - 90/(-25). Let t(r) = -6*r + f*r + 3*r + 3. Calculate t(-4).
-1
Let i be 40/(-25)*5/(-2). Let l be -1*(38 - i)/2. Let q = 20 + l. Let r(c) = c**3 - 3*c**2 - 2*c - 1. What is r(q)?
-7
Let t(s) be the first derivative of -s**2 + 7*s + 643. Calculate t(4).
-1
Let i(a) = 70*a**2 - 140*a**2 + 3 + 2*a + 73*a**2. Give i(-2).
11
Suppose 1 + 2 = 3*n, 35 = 2*r - 5*n. Let y = 14 - r. Let x(c) = -c**3 - 7*c**2 - 8*c - 9. Calculate x(y).
3
Let x be 86/8 + (-2)/(-8). Let y(l) = -x - 2 + 8 - l. Determine y(-7).
2
Let r(c) be the first derivative of c**2 - c - 133. Let u = 12 + -8. What is r(u)?
7
Suppose 10 = -3*y + i, -2*i = y - 6*i + 18. Let u = -59 + 68. Let o(j) = -11*j + u*j + 4*j + 2. Determine o(y).
-2
Let w(v) = v**2 + 6*v - 10. Suppose -3*k = 9*k + 84. Calculate w(k).
-3
Let d(a) = -649*a + 5 - a**2 + 641*a + 2 - 2 + 2*a**2. Let h = 20 - 12. Give d(h).
5
Let o(t) be the first derivative of t**3/3 - 2*t**2 - 2*t + 274. Give o(6).
10
Let n(i) = i**2 - 16*i + 8. Let u be n(15). Let m(z) = z**3 + 6*z**2 - 9*z - 3. What is m(u)?
11
Let b(k) = 13*k**2 - 33*k - 13. Let f(x) = 3*x**2 - 8*x - 3. Let s(h) = 